 48438584.
116
Calculate the greatest common divisor of 57446285 and 1279.
1279
Calculate the highest common divisor of 18957 and 1046895.
213
Calculate the greatest common factor of 252 and 87430959.
63
Calculate the highest common factor of 50647690 and 2102.
2102
Calculate the greatest common factor of 675849 and 12024.
501
Calculate the highest common factor of 48802 and 21311458.
3754
Calculate the highest common divisor of 780672340 and 3644.
3644
Calculate the highest common divisor of 38356902 and 486.
162
Calculate the highest common divisor of 182 and 5792618.
26
Calculate the greatest common divisor of 5254172 and 352.
44
Calculate the highest common divisor of 33757520 and 10346.
1478
Calculate the highest common divisor of 71148 and 11319.
1617
Calculate the greatest common divisor of 5049504 and 17266.
178
What is the greatest common factor of 9192 and 1689312?
24
What is the greatest common factor of 205121 and 17353?
7
Calculate the greatest common divisor of 869096 and 128.
8
Calculate the greatest common divisor of 49398448 and 32.
16
Calculate the greatest common divisor of 338920 and 978280.
1480
What is the greatest common factor of 14510962 and 1972?
986
Calculate the greatest common divisor of 380 and 959747.
19
What is the highest common divisor of 3060111 and 39?
3
Calculate the highest common divisor of 4095058 and 33.
11
Calculate the highest common divisor of 1086701 and 3521.
7
Calculate the highest common divisor of 12427 and 536962.
289
Calculate the greatest common factor of 3868380 and 10350.
90
Calculate the greatest common divisor of 2750 and 68299.
11
What is the greatest common factor of 58947 and 121128?
147
Calculate the greatest common factor of 9822871 and 37.
37
What is the greatest common factor of 29403 and 216469?
121
Calculate the highest common divisor of 149700 and 900.
300
What is the greatest common divisor of 103392 and 11019168?
288
Calculate the greatest common factor of 440 and 65528980.
220
Calculate the greatest common factor of 1920 and 381160.
40
Calculate the highest common divisor of 18350 and 12259650.
50
What is the highest common divisor of 25518707 and 345?
23
Calculate the greatest common factor of 13813 and 326423.
727
Calculate the highest common factor of 218600 and 26100.
100
Calculate the highest common factor of 68464 and 2891048.
3112
Calculate the greatest common divisor of 1448 and 36699198.
362
Calculate the greatest common factor of 216754915 and 4316.
1079
Calculate the highest common divisor of 46 and 17411184.
46
Calculate the greatest common factor of 65342 and 1531122.
1766
What is the highest common factor of 222181150 and 10?
10
What is the greatest common divisor of 22 and 557839711?
11
Calculate the highest common divisor of 240 and 89677120.
80
Calculate the highest common factor of 856 and 8362264.
856
What is the highest common divisor of 1966470 and 1870?
110
What is the highest common factor of 20691 and 11077308?
1089
What is the greatest common divisor of 290894 and 5032?
74
What is the highest common factor of 429 and 299862849?
429
What is the greatest common divisor of 1311665 and 205?
5
What is the greatest common factor of 3712 and 2777872?
16
What is the highest common divisor of 50831 and 330?
11
Calculate the highest common divisor of 9 and 27311913.
9
What is the highest common factor of 2967 and 41535033?
2967
What is the greatest common factor of 41929778 and 22?
22
What is the greatest common factor of 8288 and 102364496?
592
Calculate the highest common factor of 204053 and 481156.
487
What is the greatest common factor of 974704 and 18?
2
What is the greatest common factor of 785560 and 17015?
205
Calculate the highest common factor of 342310 and 85.
5
Calculate the greatest common factor of 7842263 and 6864.
143
What is the greatest common divisor of 4550 and 38965550?
650
What is the highest common divisor of 716 and 2385891?
179
What is the greatest common factor of 4890444 and 772386?
4002
Calculate the highest common factor of 12480 and 12944.
16
What is the greatest common divisor of 12 and 21591606?
6
Calculate the highest common divisor of 386 and 144503153.
193
Calculate the greatest common factor of 219824902 and 1084.
542
What is the highest common factor of 1574948 and 295868?
1292
Calculate the highest common factor of 1673 and 2466009.
7
What is the greatest common factor of 236501 and 11801733?
3331
What is the highest common divisor of 275 and 5392805?
55
Calculate the highest common divisor of 6472920968 and 776.
776
What is the greatest common factor of 51340 and 52831880?
3020
What is the highest common divisor of 18191832 and 3888?
24
Calculate the highest common factor of 173872 and 664.
8
Calculate the greatest common factor of 620288 and 6656.
256
What is the greatest common factor of 615318248 and 32367?
10789
What is the greatest common factor of 198 and 26228466?
198
What is the highest common factor of 4 and 393303888?
4
Calculate the highest common factor of 8558568 and 168.
24
What is the greatest common divisor of 720729 and 1339437?
3291
What is the highest common factor of 860376 and 352?
88
Calculate the highest common factor of 10760 and 8738734.
538
Calculate the highest common divisor of 1824978620 and 40.
20
What is the highest common factor of 7007 and 56849065?
637
What is the highest common divisor of 2261341 and 68569?
359
Calculate the greatest common factor of 123500 and 30628.
988
Calculate the greatest common divisor of 549950 and 6715.
85
Calculate the greatest common factor of 70813969 and 4408.
551
Calculate the greatest common factor of 2604 and 12375692.
28
Calculate the greatest common factor of 47450 and 54613.
13
Calculate the greatest common divisor of 6132570 and 5520.
30
What is the greatest common factor of 615862 and 546?
26
What is the greatest common divisor of 6539 and 217984?
13
What is the greatest common divisor of 2708398 and 1860782?
6622
Calculate the greatest common divisor of 9 and 16228011.
3
What is the highest common divisor of 21666 and 1867358?
314
Calculate the greatest common divisor of 432 and 91679976.
72
Calculate the greatest common factor of 14789687 and 1670.
167
What is the highest common divisor of 383812 and 68754686?
17446
What is the greatest common factor of 32864445 and 45?
45
What is the highest common divisor of 135265 and 2080?
65
Calculate the highest common divisor of 1457829 and 270.
9
What is the greatest common factor of 116945800 and 16?
8
What is the highest common divisor of 12470 and 262095707?
1247
Calculate the highest common divisor of 16248438 and 351.
27
Calculate the greatest common divisor of 1344 and 179205952.
64
Calculate the highest common divisor of 3883 and 1633709.
11
Calculate the highest common divisor of 3379 and 74556.
109
Calculate the greatest common divisor of 12 and 1565466.
6
Calculate the greatest common divisor of 323584 and 27648.
1024
What is the greatest common divisor of 2401 and 105959?
7
What is the highest common factor of 331573 and 125818?
473
Calculate the highest common factor of 282875 and 2294.
31
Calculate the highest common divisor of 40633230 and 340.
170
What is the greatest common factor of 560 and 3831590?
70
What is the greatest common factor of 1792878 and 1862?
38
What is the greatest common divisor of 51327 and 52137?
27
What is the highest common factor of 8770229 and 247?
247
Calculate the greatest common factor of 4065710 and 345.
115
What is the greatest common divisor of 16282 and 16156?
14
Calculate the highest common divisor of 127044 and 9594.
18
What is the highest common factor of 121893 and 619797?
123
Calculate the highest common factor of 25300 and 3631100.
1100
Calculate the greatest common factor of 3014 and 5363413.
1507
Calculate the highest common divisor of 220301004 and 396.
132
Calculate the greatest common factor of 270111 and 101103.
1509
What is the highest common divisor of 26649 and 22936?
47
Calculate the greatest common factor of 4096009 and 46760.
167
What is the greatest common divisor of 50842 and 7062?
22
What is the greatest common factor of 141407 and 133?
7
What is the greatest common factor of 554396871 and 4746?
2373
What is the highest common divisor 